(3). Let r(x) = 2*x + 9. Calculate r(v).
9
Suppose -b - g = 4*b + 590, b - 4*g + 139 = 0. Let n be -3*b/49 - (-4)/(-14). Let p(s) = s**3 - 8*s**2 + 8*s + 2. Calculate p(n).
9
Let w(v) = v**3 - 4*v**2 - 4*v - 5. Let n(s) = -s**3 + 21*s**2 - 12*s - 155. Let j be n(20). Give w(j).
0
Let u(z) = -z**3 + 3*z**2 - 2*z + 4. Let v(w) = -10*w - 7. Let q be v(-1). Suppose -2*y + 21 = y - 3*d, -q*d - 3 = 3*y. Determine u(y).
-2
Let m = 50 - 38. Let y be m/(-21) + 138/21. Let w(c) = -c + 5. Determine w(y).
-1
Let k(m) = 6*m**2 - 7*m - 14. Let t(n) = -5*n**2 + 6*n + 14. Let w(s) = 4*k(s) + 5*t(s). Give w(6).
-10
Let c(f) = -2*f + 1. Let a(k) = -k**2 - 6*k - 5. Let x(g) = -10*g - 4. Let p be x(0). Let n be a(p). Calculate c(n).
-5
Let b(z) = 3 + 8*z**2 - 4 - 7*z**2 - 2*z**2. Suppose 0 = 4*l - 5*x - 12, 2*l - 2*x + 20 = -6*x. Give b(l).
-5
Suppose 2*l + 0*l + 3 = -5*a, 4*a = -3*l - 1. Let v(s) = -l + 2 + 0*s + 2*s. Suppose 4*z - 1 = -5. Give v(z).
-1
Let x(n) = n**2 - 9*n + 27. Let r be x(11). Let z = 56 - r. Let y(j) = 2*j - 4. What is y(z)?
10
Let q(a) = a**2 - 5*a + 4. Let t be 3 - (0 - ((-6)/3 + 3)). Let o be q(t). Let p(w) = -w + 6. Give p(o).
6
Let u(g) = -g**3 - 4*g**2 - 7*g - 8. Let k(v) = v**3 + 4*v**2 + 8*v + 9. Let i(f) = -6*k(f) - 7*u(f). Let p = -428 - -424. Determine i(p).
-2
Let f(q) = -q - 7. Let i(z) = -z - 2. Let h(u) = -2*f(u) + 7*i(u). Calculate h(1).
-5
Let n(r) = 5*r**2 - 2*r - 1. Let j = -533 - -536. What is n(j)?
38
Let t(d) be the second derivative of d**5/20 + d**4/3 - d**3 - 9*d. Let l = 20 + -18. Suppose 2*h + 12 - l = 0. Calculate t(h).
5
Let h(a) = a**2 + 19*a - 1. Let g be h(-19). Let o(k) = -2*k**2 + 3*k**2 + 2*k**2 - 1. Let f be o(g). Let j(m) = 11*m - 3. Calculate j(f).
19
Let k be (-2)/7 + (-74)/(-14). Suppose -5*b + 5*n - 10 = 0, -b = -n - n + k. Let d(l) = l - b - 1 - 6 + 0. Give d(6).
-2
Suppose 2*x + 2*x + 228 = 0. Let i = x - -60. Let j(s) = -s**2 + s - 2. Calculate j(i).
-8
Let d be (-1)/(3*(-1)/(-12)). Let u be 1/1 - (d + 1). Let i(c) = 5*c**2 - 1 - 2*c**2 - u*c**2 - 3*c. Determine i(-2).
1
Suppose 4*x + 20 = -4*z, 5*x - 6*x + 3*z = 1. Let i be (x/16)/((-2)/(-56)). Let u(h) = h**3 + 7*h**2 - h - 9. Calculate u(i).
-2
Let s(a) = -a**3 + a**2 - a + 12. Let l(p) = 3*p**2 + 2*p + 7*p**2 - 6*p**2 - 3*p**2 + 1. Let k(x) = x**2 - 2*x - 4. Let y be k(3). Let d be l(y). Give s(d).
12
Let u(v) = 5*v. Suppose -7*s = -4*s + 39. Let y = -14 - s. Determine u(y).
-5
Let r(t) = -t**3 + 5*t**2 + 7*t - 7. Let w be r(6). Let s(b) = 16*b**2 + 1. Calculate s(w).
17
Let n(h) be the second derivative of -10*h**3/3 - 99*h + 1. Give n(1).
-20
Let a(r) = r**3 + 13*r**2 + 10*r - 20. Let j be a(-12). Let w(x) = -8*x + j*x - x**2 + 9*x - 3. Give w(5).
-3
Let n(v) = -2*v. Let l(a) = -2*a**2 - 9*a - 14. Let q be l(-7). Let o = q - -45. Calculate n(o).
8
Suppose -5*j - d + 13 = 0, 9 = d + 2*d. Suppose -b + f = -j*f + 3, 5*f - 56 = -4*b. Let r(c) = -c**3 + 9*c**2 - c + 10. Calculate r(b).
1
Let r(n) be the third derivative of -n**6/120 - 2*n**5/15 - 13*n**4/24 - 13*n**3/6 - 170*n**2. What is r(-6)?
-7
Let h(g) = 2*g**2 + 2*g + 4. Let r be h(-3). Let d be -4*(-12)/r + -11. Let w(q) = q**3 + 8*q**2 - 1. What is w(d)?
-1
Let u(r) = -r**3 + 6*r**2 - 7*r - 1. Let y be -11*1/4 - (-6)/(-24). Let k(b) = -b**3 + 5*b**2 - 7*b. Let q(g) = y*u(g) + 2*k(g). Calculate q(7).
3
Let f(z) be the third derivative of -1/8*z**4 - 2/3*z**3 + 0 + 1/360*z**6 + z**2 + 0*z - 1/24*z**5. Let r(t) be the first derivative of f(t). Determine r(6).
3
Let b(c) = -c**2 + 11*c + 6. Let j = 43 + -33. What is b(j)?
16
Let i(m) = -5*m**3 + 10*m**2 - 9*m - 8. Let z(w) = -16*w**3 + 31*w**2 - 28*w - 25. Let c(v) = -19*i(v) + 6*z(v). Give c(-5).
12
Let c = -12 - -18. Suppose t = c*t. Let q(i) be the second derivative of i**4/12 + i**3/6 + 5*i**2/2 + 7*i. Give q(t).
5
Let r(m) = -2*m**2 - 4*m + 4. Let j = 916 + -921. Determine r(j).
-26
Let x = 36 + 119. Let o = x - 150. Let i(a) = -a - 6. Determine i(o).
-11
Suppose 5*u = 7*u - 4*s + 14, 3*u = -3*s + 24. Let g(t) be the third derivative of -1/6*t**4 + 0*t + 0 - 5/6*t**u - 1/60*t**5 + t**2. Calculate g(-4).
-5
Let n be 7*(10/(-14) + 1). Let c(i) = 2 + i**2 - 3*i + 3 + n*i - 7. What is c(2)?
0
Let n(q) = 2*q + 6. Suppose 25*p - 36 = 37*p. Give n(p).
0
Let y(a) be the first derivative of -a**2 - 4*a - 41. Suppose -3*r - h = 28, 6*h + 20 = -2*r + 5*h. Calculate y(r).
12
Let j(l) be the second derivative of l**5/60 - 5*l**4/24 - 7*l**3/6 + 13*l**2/2 - 5*l. Let y(s) be the first derivative of j(s). What is y(5)?
-7
Suppose 1 = 5*q + 21. Let o = 0 - q. Let u(b) = 3*b**3 - 6*b**2 + 5*b + 1. Let i(n) = -7*n**3 + 13*n**2 - 11*n - 4. Let y(v) = -2*i(v) - 5*u(v). Determine y(o).
-9
Let u(h) be the first derivative of 7*h**2/2 - h + 129. Give u(-1).
-8
Let z be (-2 + 1)*-3 + -6 + 5. Let o(b) = -b - 3*b - 4 + b**2 - 3*b + z. Determine o(5).
-12
Let l(i) be the third derivative of 12*i**2 - 1/3*i**3 - 1/8*i**4 + 1/60*i**5 + 0 + 0*i. Suppose -2*f = -5*h, f - 25 = 6*f. Calculate l(h).
8
Let r(g) = 73*g**2 - 5*g + 3. Let s be r(2). Let w(o) = -142*o + s*o + 3 - 140*o. What is w(-5)?
-12
Let o = 35 - 39. Suppose 4*a + 1 = 9. Let u(w) = -1 + 0*w**2 + 0 + w**a - 4 + 3*w. Calculate u(o).
-1
Suppose -5*w = 5*b + 15, 5*b + 4 = -3*w + 1. Let l(q) = q**3 + 7*q**2 + 3*q + 3. What is l(w)?
21
Let s(k) be the second derivative of k**3/6 + 13*k**2/2 + 152*k. What is s(-7)?
6
Let r(q) = q**3 - 6*q**2 + 3*q - 2. Let g be r(6). Let o = g + -10. Let h(w) be the second derivative of -w**3/6 - w**2/2 + 136*w. Give h(o).
-7
Suppose 40 = -2*s - 2*s. Let n = -5 - s. Let j(a) = 6 + 2*a - a**3 - 3 + 3*a + n*a**2. Determine j(6).
-3
Let z(k) = 25*k**2 + 22*k**2 - 75*k**2 + 27*k**2 + 3 + 6. Calculate z(-5).
-16
Let q be (-7)/(-14) - 1/(-2) - -1. Let n(c) be the first derivative of 0*c**q + 0*c + 5 - 1/3*c**3. Calculate n(2).
-4
Let c = 41 + -37. Let v(r) = 2 + 10*r + 34*r**2 - c - 33*r**2. Calculate v(-8).
-18
Suppose -4*y = 4*w - 16, -5*y + 2*w = 1 - 28. Let l(f) be the second derivative of -11*f + 0 + 1/12*f**4 - 1/2*f**2 - 1/20*f**y + 1/6*f**3. What is l(1)?
0
Let u(a) = a**3 - 10*a**2 - 11*a - 6. Let y(d) = -6*d + 167. Let f be y(26). Give u(f).
-6
Let i(z) = -z + 21. Let t be -28*(6 + 104/(-16)). What is i(t)?
7
Let i(f) = 24*f**2 - 22*f - 1 - 47*f**2 - f**3 + 3. Determine i(-22).
2
Suppose -70 = 9*g - 52. Let f(p) be the first derivative of p**3 - 3*p**2/2 - 2*p + 43. Determine f(g).
16
Let z(n) = -2*n - 5. Let y(x) = 3*x - 1. Let i(t) = -y(t) - z(t). Calculate i(-10).
16
Let m(h) = -h**3 + 7*h**2 + 9*h. Let u be (24/(-9))/(10/(-3) + 3). Give m(u).
8
Let a(n) = 10*n**2. Let i(f) = -f**3 + 20*f**2 + 23*f - 39. Let h be i(21). Suppose -5*x = 4*t + 24, 7 = h*t - 4*x - 6. Calculate a(t).
10
Let t(i) = -2*i**3 + 10*i**2 - 7*i - 6. Let h(x) = -x**3 - 1. Let c(k) = h(k) - t(k). Calculate c(9).
-13
Suppose 2*z = 8*z. Let a(u) = -4*u + 8. Let n(c) = 11*c - 23. Let r(k) = -8*a(k) - 3*n(k). Calculate r(z).
5
Suppose -88 = p - 9*p. Let b(m) = m + 10. What is b(p)?
21
Suppose -126*a - 44 = -130*a. Suppose -a*m - 4*m - 75 = 0. Let q(c) = -c**3 - 4*c**2 + 3*c - 7. What is q(m)?
3
Suppose 0 = 7*u - 32 - 10. Let h(q) = q + 24. Let s(z) = z + 25. Let g(k) = u*h(k) - 5*s(k). What is g(-10)?
9
Let u be (-6)/(2/(1 - 3)). Suppose -6*f = -85 + 19. Let s(g) = 21*g - 4*g - f*g - g**2. Determine s(u).
0
Let v be ((-7)/35)/(1/25). Let z(u) = u - 7. What is z(v)?
-12
Suppose 2*h + 0 = -5*v + 4, 5*h + 2*v - 10 = 0. Suppose -15 = h*z + 5*n + 2, 3*n + 3 = 0. Let u(t) = -t**2 - 6*t - 6. Determine u(z).
-6
Let w(d) = -d**3 + d - 5. Let c be w(0). Let l(v) = v - 4. Determine l(c).
-9
Let n(q) be the first derivative of -q**4/4 - 4*q - 1. Let o be n(0). Let h(d) = -4*d**3 + d**2 - 5*d**2 + 3*d**3 - 2 - 3. What is h(o)?
-5
Let f(m) be the first derivative of m**4/4 - 2*m**3 - 3*m**2/2 - 14*m + 695. Calculate f(7).
14
Suppose -4 = -4*v, -4*d - 1 - 3 = -4*v. Let r = -7 - -9. Let q(z) = z + d*z - 5 + r - 2*z. Calculate q(-3).
0
Let q be ((-12)/(-14))/(5 + (-72)/14). Let p be (4 + q*1)/(-2). Let i(v) = 6*v - 1. Calculate i(p).
5
Let y(f) = 12*f + 62*f**2 + 0*f + 58*f**2 - 107*f**2 + f**3. Determine y(-12).
0
Let i = 21 + -11. Suppose i = -a + 3*a. Let h(k) be the first derivative of k**3/3 - 7*k**2/2 + 6*k - 1. 